 of 511 and 2920.
73
What is the highest common factor of 92 and 46?
46
What is the highest common divisor of 10 and 114?
2
What is the highest common divisor of 3564 and 264?
132
What is the greatest common factor of 63 and 105?
21
Calculate the greatest common factor of 9656 and 24.
8
Calculate the highest common factor of 154 and 18.
2
Calculate the greatest common factor of 48 and 540.
12
What is the highest common factor of 117 and 2392?
13
What is the highest common divisor of 763 and 7?
7
Calculate the highest common divisor of 213 and 284.
71
Calculate the highest common factor of 581 and 7.
7
What is the greatest common divisor of 15 and 13210?
5
What is the greatest common divisor of 5 and 30?
5
Calculate the highest common factor of 280 and 392.
56
What is the greatest common divisor of 3842 and 34?
34
What is the greatest common factor of 1694 and 35?
7
Calculate the highest common divisor of 4823 and 91.
91
What is the greatest common divisor of 7869 and 129?
129
What is the highest common divisor of 261 and 36?
9
What is the highest common divisor of 12579 and 63?
21
What is the greatest common divisor of 144 and 1264?
16
Calculate the highest common factor of 176 and 396.
44
What is the greatest common divisor of 306 and 270?
18
Calculate the highest common factor of 77 and 175.
7
What is the greatest common factor of 16724 and 592?
148
Calculate the greatest common factor of 17329 and 172.
43
Calculate the greatest common divisor of 135 and 7965.
135
What is the highest common factor of 8 and 162?
2
Calculate the greatest common divisor of 194 and 485.
97
What is the highest common factor of 27 and 603?
9
What is the greatest common factor of 4267 and 17?
17
Calculate the greatest common factor of 7 and 2513.
7
Calculate the highest common divisor of 180 and 580.
20
Calculate the highest common factor of 145 and 5626.
29
What is the highest common factor of 1120 and 1880?
40
Calculate the highest common factor of 363 and 1210.
121
What is the greatest common factor of 391 and 92?
23
Calculate the greatest common divisor of 33 and 45936.
33
What is the highest common divisor of 288 and 48?
48
Calculate the greatest common divisor of 93 and 12.
3
What is the highest common divisor of 304 and 19?
19
What is the greatest common factor of 848 and 636?
212
Calculate the highest common divisor of 36 and 13.
1
Calculate the greatest common divisor of 2108 and 124.
124
What is the greatest common factor of 10228 and 4?
4
Calculate the greatest common factor of 48972 and 154.
154
Calculate the highest common factor of 282 and 3008.
94
What is the greatest common factor of 258 and 1314?
6
Calculate the greatest common divisor of 28 and 427.
7
Calculate the greatest common divisor of 19 and 855.
19
What is the highest common divisor of 28 and 1512?
28
What is the greatest common divisor of 16 and 52?
4
Calculate the greatest common divisor of 364 and 572.
52
Calculate the greatest common factor of 471 and 3.
3
Calculate the greatest common factor of 416 and 368.
16
Calculate the highest common factor of 253 and 418.
11
Calculate the highest common divisor of 501 and 3.
3
What is the highest common divisor of 13505 and 555?
185
Calculate the greatest common factor of 2620 and 180.
20
What is the greatest common factor of 81 and 2115?
9
What is the greatest common divisor of 54 and 675?
27
What is the greatest common divisor of 1 and 1708?
1
Calculate the greatest common divisor of 13 and 1079.
13
Calculate the highest common factor of 44 and 66.
22
What is the greatest common divisor of 114 and 138?
6
What is the highest common divisor of 14 and 22?
2
What is the highest common divisor of 75 and 225?
75
What is the highest common factor of 5 and 535?
5
Calculate the greatest common factor of 12 and 120.
12
What is the highest common divisor of 96 and 64?
32
Calculate the greatest common factor of 7426 and 158.
158
Calculate the highest common factor of 49 and 119.
7
Calculate the greatest common divisor of 182 and 130.
26
Calculate the greatest common divisor of 407 and 33.
11
What is the greatest common factor of 1157 and 611?
13
What is the highest common factor of 64 and 752?
16
Calculate the highest common factor of 16 and 140.
4
What is the highest common factor of 26010 and 90?
90
What is the greatest common divisor of 63 and 9?
9
What is the greatest common divisor of 75 and 15825?
75
What is the highest common factor of 27480 and 20?
20
What is the highest common factor of 6148 and 44?
4
What is the greatest common divisor of 1535 and 15?
5
What is the highest common divisor of 504 and 63?
63
Calculate the greatest common factor of 140 and 2492.
28
What is the highest common divisor of 336 and 147?
21
Calculate the highest common factor of 690 and 54.
6
What is the highest common divisor of 107 and 32?
1
Calculate the highest common divisor of 312 and 36.
12
Calculate the highest common divisor of 2070 and 360.
90
What is the highest common factor of 54 and 452?
2
What is the greatest common divisor of 24 and 23916?
12
Calculate the highest common factor of 2397 and 51.
51
What is the highest common divisor of 48 and 5316?
12
What is the greatest common divisor of 26 and 54?
2
Calculate the greatest common divisor of 384 and 348.
12
What is the highest common divisor of 140 and 875?
35
What is the greatest common divisor of 42520 and 40?
40
Calculate the highest common divisor of 10136 and 616.
56
Calculate the greatest common divisor of 406 and 638.
58
What is the highest common divisor of 1001 and 231?
77
Calculate the highest common factor of 320 and 5.
5
Calculate the highest common divisor of 144 and 90.
18
Calculate the greatest common factor of 1246 and 70.
14
Calculate the greatest common factor of 324 and 6.
6
Calculate the greatest common factor of 2835 and 77.
7
Calculate the greatest common divisor of 9 and 72.
9
What is the greatest common factor of 4103 and 33?
11
What is the highest common divisor of 1079 and 52?
13
What is the highest common factor of 29 and 1798?
29
What is the highest common divisor of 18 and 366?
6
Calculate the greatest common factor of 6185 and 5.
5
What is the highest common factor of 1602 and 54?
18
What is the greatest common divisor of 1722 and 42?
42
Calculate the highest common factor of 14 and 322.
14
What is the greatest common divisor of 2180 and 260?
20
What is the greatest common factor of 88 and 264?
88
What is the greatest common factor of 354 and 1593?
177
Calculate the highest common divisor of 76 and 1178.
38
Calculate the highest common divisor of 1088 and 192.
64
What is the highest common factor of 336 and 6000?
48
Calculate the greatest common factor of 435 and 1595.
145
What is the highest common factor of 1420 and 1633?
71
What is the highest common factor of 128 and 1568?
32
What is the greatest common factor of 1501 and 38?
19
Calculate the highest common factor of 5985 and 63.
63
What is the highest common factor of 78 and 30?
6
What is the greatest common divisor of 68 and 112?
4
Calculate the greatest common divisor of 7073 and 11.
11
What is the greatest common divisor of 127 and 17?
1
Calculate the greatest common factor of 517 and 940.
47
Calculate the greatest common divisor of 1098 and 36.
18
Calculate the highest common divisor of 123 and 3.
3
Calculate the highest common factor of 56 and 2534.
14
What is the greatest common divisor of 575 and 184?
23
Calculate the highest common divisor of 42 and 357.
21
Calculate the highest common divisor of 38 and 1026.
38
What is the greatest common factor of 2230 and 10?
10
What is the highest common factor of 21 and 3423?
21
Calculate the highest common factor of 380 and 228.
76
What is the highest common divisor of 30 and 40?
10
Calculate the highest common factor of 135 and 105.
15
What is the greatest common divisor of 5652 and 72?
36
Calculate the highest common divisor of 77470 and 10.
10
Calculate the highest common divisor of 10472 and 336.
56
Calculate the highest common factor of 11 and 11.
11
What is the greatest common factor of 369 and 41?
41
What is the highest common divisor of 48 and 1808?
16
Calculate the greatest common divisor of 109 and 40657.
109
What is the highest common divisor of 705 and 45?
15